5*w = -25, 4*z + 3*w + w = 36. Let h be ((-6)/4)/(2/4). Let k be 11*h*z/(-12). Calculate the greatest common divisor of k and 11.
11
Let u(f) = 44*f**3 - 11*f + 12. Let r be u(1). Calculate the greatest common divisor of r and 75.
15
Let i be -7 + 3*(-2)/(-3). Let p(q) = -26*q - 20*q + 47*q + 12. Let t be p(i). What is the highest common factor of 7 and t?
7
Let a = 57 + -15. Calculate the greatest common divisor of 112 and a.
14
Let o = -2 - -27. Suppose 0 = 4*n - 0*n - q + 5, -4*n - 5*q = -o. Let v be (n - 5)/5 + 56. Calculate the highest common divisor of 11 and v.
11
Let q be ((-4)/(-6))/((-12)/(-54)). Suppose -q*w - 112 = -w. Let k = 69 - w. Calculate the greatest common factor of k and 25.
25
Let l be ((-9)/9)/(-1*2/6). Calculate the highest common divisor of 4 and l.
1
Let h be 6/6*(3 + -2). What is the highest common factor of 5 and h?
1
Let j(l) = 4*l**2 + 2*l - 3. Let n be j(2). Let s = n - -5. Suppose 5*y = -s + 52. What is the greatest common factor of 12 and y?
6
Let h(n) = n. Let g(q) = q**3 + 7*q**2 - 4*q + 4. Let i(w) = g(w) - 4*h(w). Let s be i(-8). Calculate the highest common factor of 52 and s.
4
Let s be -5 + 71 - (8 + -2). Calculate the greatest common factor of 228 and s.
12
Suppose -4*q - 4 = 16. Let c(b) = -51*b - 1. Let j be c(q). Let z be j/10 + (-6)/15. Calculate the highest common factor of 25 and z.
25
Let u = -137 - -183. What is the highest common factor of 299 and u?
23
Let p = -171 + 182. Calculate the highest common divisor of p and 517.
11
Let k = -4 + 16. Let d be 44/k - 2/3. Suppose d*r + c = 42 + 17, 0 = 5*r - 5*c - 65. Calculate the greatest common factor of r and 2.
2
Let v(x) = -x**2 + 16*x - 25. Let w be v(14). Suppose -2*z + 5*c + 31 = 0, -w*c + c + 26 = 4*z. Let f = 99 + -27. What is the greatest common factor of z and f?
8
Let i(l) = l**2 + 5*l - 64. Let s be i(8). What is the highest common divisor of s and 680?
40
Let a be (-1)/((-3)/24 + 0). Suppose f = 32 + a. Suppose -4*u = -69 - 11. What is the highest common divisor of f and u?
20
Suppose -35*w + 5048 - 1583 = 0. Calculate the greatest common factor of 45 and w.
9
Let n(f) = -f**2 - 3*f - 4. Let c be n(-2). Let g be 2/(c/1) + 82. Calculate the greatest common factor of g and 9.
9
Suppose 107 + 223 = 5*s. Let j be 132/10*50/15. Calculate the greatest common factor of j and s.
22
Let h(k) = -k**3 + 13*k**2 - 12*k + 14. Let u be h(12). Suppose 10 = -4*q + u. What is the greatest common factor of q and 11?
1
Suppose -5*n - 15 = 0, -n - 571 = -2*y - 62. What is the highest common divisor of y and 11?
11
Let s be 2 + 6 - (-6 - -3). Let q = 19 - s. Let g be 94/q + 11/44. Calculate the highest common factor of 24 and g.
12
Let v = -150 - -186. What is the greatest common divisor of 36 and v?
36
Let n(w) = -5*w - 10. Let u be n(-3). Suppose -u*o + 34 = -6. Calculate the highest common divisor of 8 and o.
8
Suppose d - 48 = 3*j, 2*j + 9 = -d + 52. Calculate the greatest common divisor of d and 240.
15
Suppose 4*p - 34 = -10. Let u be (16/p)/((-2)/(-9)). What is the highest common factor of u and 24?
12
Suppose 0*o + 4*o = 4*l, 4*l - 3 = 5*o. Let w(h) = 2*h**2 - 2*h. Let n be w(o). Let q = -89 - -105. What is the highest common divisor of q and n?
8
Suppose 2*f + 12 = 3*f. Let j = -15 + 18. Suppose -3 = -j*n + 6. Calculate the greatest common divisor of n and f.
3
Let s = -6 + 16. Suppose -768 = -s*n + 7*n. Suppose 74 + n = 5*d. Calculate the highest common divisor of d and 6.
6
Let i(h) = 5*h**2 - 17*h + 18. Let r be i(8). Calculate the highest common factor of r and 707.
101
Suppose 0 = 2*u - 17 - 547. Suppose -82 = 4*j - u. What is the highest common factor of j and 75?
25
Let a = 58 - 39. Suppose 4*y + a = 15. Let g(p) = 6*p**2 + p. Let h be g(y). What is the highest common factor of h and 25?
5
Suppose -96 = -7*r + 170. Calculate the highest common divisor of r and 133.
19
Suppose -5*k + 18 = -3*z, 5*z + 3*k - k + 30 = 0. Let o be z*4/8*-23. What is the highest common factor of 46 and o?
23
Suppose 4*n - g = -0*g + 45, 5*n + 3*g - 35 = 0. Suppose 0 = d - 10 - 0. What is the highest common divisor of d and n?
10
Let g be -7 + 3 + 11 - -338. What is the highest common factor of g and 30?
15
Let h(p) = -1. Let c(x) = -4*x - 2. Let n(u) = c(u) - 2*h(u). Let j be n(-2). What is the greatest common divisor of j and 40?
8
Suppose 3*y + 2*s = -15 + 153, -2*y + 92 = 3*s. Calculate the highest common factor of 2 and y.
2
Let t(y) = -4*y + 2. Let i be t(-5). Let g = 71 - 27. What is the highest common factor of i and g?
22
Let d be 37 + 2/(2 - 1). Let n(o) = o**3 + 2*o**2 - o + 1. Let m be n(3). Let u = m - 30. Calculate the greatest common divisor of d and u.
13
Let l(r) = -1 - 1189*r + 1 + 1159*r. Let t be l(-3). Calculate the greatest common divisor of 30 and t.
30
Let f = -16 + 11. Let n be f/(-6)*48/8. Let a be (-2)/5 - (-7)/5. What is the greatest common divisor of a and n?
1
Suppose -5*m - 9 = -4. Let l(p) = 112*p**2 - 3*p - 3. Let b be l(m). What is the highest common divisor of b and 28?
28
Suppose -2*q = 5*r - 129 - 236, 2*q - 3*r - 405 = 0. Suppose 2*o = 5*o - q. Suppose 3*k + o - 380 = 0. What is the greatest common factor of k and 21?
21
Suppose -2*d + 13 = d - m, 5*d - 3*m = 23. Let j(u) = 2*u**2 + 4*u + 7. Let h be j(d). Calculate the greatest common factor of 22 and h.
11
Suppose -6*d + 26*d - 40 = 0. Suppose 192 = 5*i - 3*u, -i + 2*i - 37 = d*u. Let p = 1 - -12. Calculate the greatest common factor of p and i.
13
Let k(i) = 32*i**2 + 23*i**2 + 1 - 2. Let f be k(-1). Let t = 243 - f. Calculate the greatest common divisor of 21 and t.
21
Let a = 2427 + -2391. Calculate the greatest common divisor of 264 and a.
12
Suppose -2*n = 3*n - w - 67, -n + 2 = -4*w. Let b(a) = -a**3 + 15*a**2 + 20*a - 8. Let c be b(16). What is the greatest common factor of c and n?
14
Let h = -178 - -36. Let v = -65 - h. Suppose 5*q - 34 = -2*w, -q + 2*q = 4. Calculate the highest common factor of w and v.
7
Let d = -202 + 823. What is the highest common factor of d and 92?
23
Let w = -2 + 1. Let o be 53 + (w - (-6)/3). Suppose -2*n = -4*i - o, 3*n = -0*n + 2*i + 65. Calculate the highest common divisor of n and 133.
19
Suppose -3*h + 48 = -24. Suppose f + 110 = 3*s, 116 = -5*s + 8*s - 4*f. What is the highest common divisor of s and h?
12
Let q = -59 - -61. Suppose 0 = 5*s + 5*n - 325, 3*n + 67 = q*s - 68. What is the greatest common factor of 33 and s?
33
Let b(j) = -23*j**3 + 4*j**2 - j - 7. Let u be (-27)/18 + 3/(-12)*2. Let x be b(u). What is the highest common divisor of 15 and x?
15
Let i = -2354 - -2396. What is the highest common factor of i and 658?
14
Let n(c) be the first derivative of -9*c**2 + c + 1. Let u be n(-1). Let o be (3 - 0) + (-6 - -60). What is the highest common factor of o and u?
19
Suppose 3*o - 630 = -2*o. Let r(m) = 10*m - 6. Let h be r(2). What is the highest common factor of h and o?
14
Let k be ((-7)/2 - 0)*-36. Let s be ((-27)/18)/((-6)/16). Suppose s*l + 0*l - 56 = 0. What is the highest common factor of l and k?
14
Suppose 3*d = -q + 363, -233 = -3*d + 2*q + 121. What is the highest common divisor of d and 40?
40
Suppose -4*s - 2*z + 40 = 0, 16 = 31*s - 28*s + 5*z. Let h be (4/(-6))/(1/(-18)). What is the highest common divisor of s and h?
12
Let n be (12/10)/((-4)/10). Let d be (-5)/((-5)/n) - -21. Suppose 5*t - 4*t = 45. What is the greatest common factor of d and t?
9
Let d be 171/5 + 5/(-25). Suppose -2*o = -5*y - 14, 4*o + 5*y = 3*y + 76. What is the highest common divisor of d and o?
17
Suppose 9*l - 28*l = -4807. What is the highest common divisor of l and 23?
23
Suppose 52*u = -18*u + 910. Calculate the greatest common divisor of 117 and u.
13
Let z = -1125 + 1182. What is the highest common factor of z and 247?
19
Let d be 30/(-5) - (-32 + -2). What is the greatest common factor of 784 and d?
28
Suppose 33*m = 81*m - 624. Suppose 4*z = 2*w, 2*z - 5*w = 12 + 4. Let k be 4/((z + 4)/52). Calculate the greatest common divisor of k and m.
13
Suppose 7*s - 333 - 577 = 0. What is the greatest common divisor of s and 78?
26
Let t(g) = 3*g + 21. Let z be t(-5). Let c be (-4)/z + 195/117. Let f = -4 - -11. What is the greatest common divisor of c and f?
1
Let l be ((-108)/(-8))/((-1)/6). Let g = l - -153. Suppose 4*w = 6*w - 18. W